a.
5
What is the remainder when ((-76)/(-6))/((-4)/(-6)) is divided by 6 + (-4)/1 + 3?
4
Suppose 4*p = -4*a - 8, 4*a + 5*p = -3 - 0. Calculate the remainder when (-6)/8*(3 + a) is divided by 1.
0
Let g(v) = v**2 - 7*v - 7. Let n be g(8). Let t be 302/(-10) - n/(-5). What is the remainder when t/(-3)*5/2 is divided by 13?
12
Calculate the remainder when 14 is divided by (-3)/(-2)*12/6 - -1.
2
Let t(z) = z**3 - 4*z**2 + 3. Let n = 11 + -6. What is the remainder when t(n) is divided by (-2 - -18)*1 - 1?
13
Suppose -4*a - 4*s + 60 = 0, -2*a - 2*s - 55 = -5*a. What is the remainder when a is divided by 4?
1
Suppose 2*b - 46 = -3*l + 2*l, -b = -4*l - 5. Suppose 0*s - 140 = -3*s - 4*r, 0 = -4*s - 2*r + 170. What is the remainder when s is divided by b?
19
Let j(l) = 14*l**2 + 4*l + 2. Let a(x) = -x - 8. Let d be a(-5). Let s be j(d). Suppose -k - s = -3*k. What is the remainder when k is divided by 20?
18
Suppose -5 = 5*y, -d + 3*y + 7 = -0*d. What is the remainder when 9 is divided by d?
1
Let f = 2 + -5. Let k be 1 + 0 + f + -67. Let n = -35 - k. What is the remainder when n is divided by 12?
10
Suppose 0 = 5*l + 3*t - 27, -5*t + 24 = -l + 7. What is the remainder when l is divided by -1*(-1 - 1) + 1?
0
Suppose 3*j + r = 61 + 114, -320 = -5*j + 4*r. Let k = 21 - 19. Suppose -3*u - k*u + j = 0. Calculate the remainder when 35 is divided by u.
11
Let g(h) = -h**3 - 6*h**2 + 2. Let n be g(-6). Suppose 3*b + 6*y - 3*y = 45, 0 = -n*b - y + 28. Calculate the remainder when (24/1)/(1 - 0) is divided by b.
11
Let q(u) = u**3 + 9*u**2 + 9*u + 6. Let j be q(-8). What is the remainder when (-3 + 1)/j*31 is divided by 16?
15
Let f(d) = -2*d - 4. What is the remainder when f(-15) is divided by 8?
2
Suppose 6 = 4*m + 2, -m = 3*r - 148. Calculate the remainder when r is divided by 26.
23
Suppose -5*r = 10, a = 3*a + 5*r - 16. Let x be (-4)/(12/(-15)) - 2. Calculate the remainder when 8/12 - (-109)/x is divided by a.
11
Suppose -5*v - 16 = -v. Let b = 17 - v. Suppose 180 = 3*p - 2*x, 3*p - 180 = -6*x + 3*x. What is the remainder when p is divided by b?
18
Let s(r) = -3*r**3 + 1. Let u be s(-1). Calculate the remainder when 38 is divided by (-3 - -53)*u/10.
18
Suppose -4 = -2*j + 3*l - 16, 2*j - 4 = -l. Suppose g - 36 + 13 = j. Let i = -10 - -22. Calculate the remainder when g is divided by i.
11
What is the remainder when -1 - -57*8/12 is divided by 22?
15
Let k = -11 + 15. Calculate the remainder when 33 is divided by 1/2 - (-34)/k.
6
Suppose 0 = -t + 4*c + 18, -c - 4*c - 20 = 0. Suppose -2*s + 3*j = -52, s - 7*j - 19 = -t*j. What is the remainder when 86 is divided by s?
28
Suppose 24 = -3*l - h, -h = -2*h + 3. Let r = 4 - l. Suppose 3*g = -4*q - r, 3*g + q = 6*g - 7. Calculate the remainder when g is divided by 1.
0
Let s(d) = -d**2 - d + 56. Calculate the remainder when s(0) is divided by 15.
11
What is the remainder when 186/14 + 8/(-28) is divided by 7?
6
Suppose -2*h + 0 = 3*z - 3, -9 = -3*h. Let x be 0 - (3/3)/z. Suppose -2*r - 20 = -l - 7*r, -2*l + 3*r = -x. Calculate the remainder when l is divided by 2.
1
Suppose 0 = -5*b - 5*k + 5 + 15, -3*k + 10 = 2*b. Let j = 5 + b. What is the remainder when 20 is divided by j?
6
Let a(k) = -k**3 - 5*k**2 + 13. What is the remainder when a(-6) is divided by 18?
13
Let k = -27 + 37. Let t(i) = -i**3 - 6*i**2 - 7*i - 4. Suppose 0 = -s + 2*s + 5. Calculate the remainder when k is divided by t(s).
4
Let q(j) = 4*j - 4. Let o(m) = -m**2 - 8*m - 6. Let a be o(-8). Let t = a - -9. Calculate the remainder when q(3) is divided by t.
2
Let z be (-6)/2 - -5 - 2. Suppose z = -5*k - 7 - 3. Let u(o) = -5*o. What is the remainder when 39 is divided by u(k)?
9
Let w(t) = -t**2 - 7*t - 4. Let s be w(-6). Suppose s*o + 12 = 46. Calculate the remainder when 67 is divided by o.
16
What is the remainder when 17 - 5 - -5 - -4 is divided by 12?
9
Suppose 0 = 5*k - 9 - 16. Let t(l) = 2*l**2 - 5*l + 1. Calculate the remainder when t(k) is divided by 7.
5
Let m = 1 + 14. Suppose 3*s - 187 + 175 = 0. Calculate the remainder when m is divided by s.
3
Calculate the remainder when 118/12 - (-15)/90 is divided by 3.
1
Suppose 2 = -4*b + 10. What is the remainder when 70 is divided by ((-15)/(-10))/(b/24)?
16
Suppose -2*k - 4*r = -8, 2*k - 20 = 3*r + 23. Calculate the remainder when 93 is divided by k.
9
Let p(z) = -z**3 - 8*z**2 - 4*z - 10. Let b be p(-7). Let v = b + 53. What is the remainder when 65 is divided by v?
21
Let v = -4 - -8. Suppose 5*d - 28 + 8 = 0. Suppose 2*t = -3*i + 27, -9 = -i - 2*t - d. Calculate the remainder when i is divided by v.
3
Let b(o) = 12*o**2 - o + 1. Let i(p) = 0*p - 6*p**2 - p + 5*p**2 + 1. Let r be i(0). What is the remainder when 35 is divided by b(r)?
11
Suppose -6*a + 5*a = -3. Let v be (a/(-3))/((-1)/66). Suppose 0 = -4*c + 2*b + 172, 6*b - 2*b = -2*c + v. What is the remainder when c is divided by 11?
8
Suppose a = 30 - 23. Calculate the remainder when 26 is divided by a.
5
Suppose 3*q + 203 = 4*a, 2*a + 47 = 3*a + 3*q. Suppose -96*f + 170 = -86*f. Calculate the remainder when a is divided by f.
16
Suppose 2*r + 8 = -2*g, 4*g + 3*r - 6*r = 12. Suppose 3*k - 3 + 6 = g. Let j = 5 + k. Calculate the remainder when 10 is divided by j.
2
Suppose -3*g = -4*z + 43, 3*z = -3*g + 4 + 23. Let h = -6 + z. Calculate the remainder when h is divided by (1/2)/((-4)/(-16)).
0
What is the remainder when 6 is divided by -2*6*4/(-16)?
0
Suppose 3*i - 342 = -0*i. Suppose -108 = -2*t + i. What is the remainder when (4/(-6))/((-2)/t) is divided by 13?
11
Suppose 5*r + k - 26 - 134 = 0, -94 = -3*r - k. Calculate the remainder when r is divided by 6.
3
Suppose 0 = -16*j + 8*j + 16. Calculate the remainder when 7 is divided by j.
1
Suppose -z = -0*z - 6. Calculate the remainder when 21 is divided by z.
3
Let h(w) = -w + 2. Let x be h(4). What is the remainder when (33/(-1))/(12/(-8)) is divided by 49/4 - x/(-8)?
10
Let k(z) = -z**2 - 10*z - 10. Let i be k(-7). Let v = i + 1. Suppose -54 = -3*j + 5*h, -j + 8 = h - 18. Calculate the remainder when j is divided by v.
11
Let g(z) = -2*z - 9. Suppose -4*s - 35 = 9. What is the remainder when 37 is divided by g(s)?
11
Suppose -b = 2*j - 5*j - 21, -4*b - j = -32. Let u be (3/(-2))/(9/(-12)). Suppose u*d + 2 = 36. What is the remainder when d is divided by b?
8
Let w(c) = c**2 + 6*c - 5. Let p(z) = z**3 - 6*z**2 + 3*z + 1. Let o be p(5). Let f be w(o). Let a = 31 - f. Calculate the remainder when a is divided by 4.
1
Let b(m) = -m**3 + 5*m**2 + 5*m - 7. Suppose -c + 3 = -2. What is the remainder when b(c) is divided by 5?
3
Let b(u) = u**3 - 2. Calculate the remainder when 98 is divided by b(3).
23
Calculate the remainder when 3/((-15)/50)*16/(-5) is divided by 6.
2
What is the remainder when 22 is divided by 3 - (-10)/4*2?
6
Let b(p) = -2*p - 2. What is the remainder when 14 is divided by b(-3)?
2
Suppose l = -5*l + 114. What is the remainder when 93 is divided by l?
17
Suppose -1 - 7 = -4*b. Let g = -14 + 20. Suppose -j = b*o - 12, g*o + 4*j - 28 = 2*o. What is the remainder when o is divided by 3?
2
Suppose -145 = -3*a + 2*r, -4*a + 0*a + 165 = 3*r. Let f = -28 - -40. Calculate the remainder when a is divided by f.
9
Let y be (4 + 2)/(6/16). Let z = y + -13. Calculate the remainder when z is divided by 2.
1
Suppose -4*y + 171 = 4*x + 67, -4*x = 5*y - 127. What is the remainder when y is divided by 9?
5
Calculate the remainder when 150 is divided by (1 - (-20)/8)/((-4)/(-16)).
10
Let o = 168 - 150. Calculate the remainder when o is divided by 10.
8
Let u(v) = -3*v - 16. Let b be u(-12). Suppose -f + i + b = -0*f, -4*f + i = -83. Calculate the remainder when f is divided by (-120)/(-21) - (-4)/14.
3
Suppose 27 = -3*h + 4*h. Suppose 2*n = -n + h. Calculate the remainder when 25 is divided by n.
7
Let y(l) = l + 13. Let x be y(-9). Let z(b) = -4*b**2 - 3*b. Let i be z(x). What is the remainder when 34 is divided by i/(-6) - 4/6?
10
Let j(k) = k**2 - 8*k + 10. Let g be j(7). Suppose -g*y + 13 = -2*y. What is the remainder when 63 is divided by y?
11
Let l(u) = -5*u + 7. Calculate the remainder when l(-9) is divided by 11.
8
Let k be (-2)/(1/(-1)) - -4. Let d be 9/(-6) - 9/k. What is the remainder when 6 is divided by 0/(-1) + (1 - d)?
2
Let d = 58 + -50. What is the remainder when 55 is